{"id":1274,"date":"2012-11-22T21:22:23","date_gmt":"2012-11-22T20:22:23","guid":{"rendered":"https:\/\/testhp.bggroteradler.de\/?page_id=1274"},"modified":"2022-12-27T18:37:52","modified_gmt":"2022-12-27T17:37:52","slug":"lose-reihe","status":"publish","type":"page","link":"https:\/\/testhp.bggroteradler.de\/?page_id=1274","title":{"rendered":"Genealogisch-Historische Studien Brandenburgs (GHSB)"},"content":{"rendered":"<p>Die &#8220;Genealogisch-Historischen Studien Brandenburgs&#8221; (ehemals: Die Lose Reihe (LR)) widmen sich Einzelver\u00f6ffentlichungen zu Themen der historischen Hilfswissenschaften oder Regionalgeschichte, die zu gro\u00df f\u00fcr die <a href=\"?p=553\">Brandenburgischen Genealogischen Nachrichten<\/a> und das <a href=\"?p=565\">Brandenburgische Genealogische Jahrbuch<\/a> sind.<\/p>\n<ul>\n<li>Heft 1 (LR-01): Vortr\u00e4ge vom Regionaltreffen Brandenburg, ISBN 978-3-9811997-8-9, A5, 32 Seiten<\/li>\n<li>Heft 2 (LR-02): Vortr\u00e4ge vom Regionaltreffen Brandenburg, ISBN 978-3-9811997-9-6, A5, 36 Seiten<\/li>\n<\/ul>\n<div class=\"gqb-links\">\n<div class=\"gqb-titel\">Band 3<\/div>\n<p>Kiesel, Iris:<br \/>\n<a href=\"?p=1272\">Familie Mette in Bredow im Havelland<\/a><br \/>\n<img decoding=\"async\" title=\"Familie Mette in Bredow im Havelland\" src=\"https:\/\/testhp.bggroteradler.de\/wp-content\/uploads\/2012\/11\/clip_image002_thumb.jpg\" alt=\"Familie Mette in Bredow im Havelland\" width=\"147\" height=\"210\"><br \/>\nDer Preis f\u00fcr Nichtmitglieder betr\u00e4gt 5,00 \u20ac.<br \/>\n(ISBN 978-3-9814410-1-7)\n<\/div>\n<div class=\"gqb-rechts\">\n<div class=\"gqb-titel\">Band 4<\/div>\n<p>Richau, Martin:<br \/>\nVer\u00f6ffentlichung genealogischer Arbeiten im Internet \u2013 urheberrechtliche Grundlagen und M\u00f6glichkeiten<br \/>\n<img decoding=\"async\" title=\"Ver\u00f6ffentlichung genealogischer Arbeiten im Internet \u2013 urheberrechtliche Grundlagen und M\u00f6glichkeiten\" src=\"https:\/\/testhp.bggroteradler.de\/wp-content\/uploads\/2013\/09\/LR-4-Titelblatt-206x300.jpg\" alt=\"Ver\u00f6ffentlichung genealogischer Arbeiten im Internet \u2013 urheberrechtliche Grundlagen und M\u00f6glichkeiten\" width=\"147\" height=\"210\"><br \/>\nDer Preis f\u00fcr Nichtmitglieder betr\u00e4gt 6,20 \u20ac.<br \/>\n(ISBN 978-3-9814410-6-2)\n<\/div>\n<div class=\"gqb-links\">\n<div class=\"gqb-titel\">Band 5<\/div>\n<p>Sch\u00fctze, Max:<br \/>\n<a href=\"?p=2396\">Der Fl\u00e4mingpastor Otto B\u00f6lke<\/a><br \/>\n<img decoding=\"async\" title=\"Der Fl\u00e4mingpastor Otto B\u00f6lke\" src=\"https:\/\/testhp.bggroteradler.de\/wp-content\/uploads\/2015\/04\/041215_1746_DerFlmingpa11.jpg\" alt=\"Der Fl\u00e4mingpastor Otto B\u00f6lke\" width=\"147\" height=\"210\"><br \/>\nDer Preis f\u00fcr Nichtmitglieder betr\u00e4gt 7,50 \u20ac.<br \/>\n(ISBN 978-3-945402-02-3)\n<\/div>\n<div class=\"gqb-rechts\">\n<div class=\"gqb-titel\">Band 6<\/div>\n<p>Felix Engel \/ Gerd-Christian Th. Treutler (Hg.)<br \/>\n<a href=\"?p=2616\">Michael Stifel. Reformation + Mathematik = Apokalypse<\/a><br \/>\n<img decoding=\"async\" title=\"Michael Stifel. Reformation + Mathematik = Apokalypse\" src=\"https:\/\/testhp.bggroteradler.de\/wp-content\/uploads\/2015\/05\/LR-6-Titel-213x300.jpg\" alt=\"Michael Stifel. Reformation + Mathematik = Apokalypse\" width=\"147\" height=\"210\"><br \/>\nDer Preis f\u00fcr Nichtmitglieder betr\u00e4gt 12,00 \u20ac.<br \/>\n(ISBN 978-3-945402-03-0)\n<\/div>\n<div class=\"gqb-links\">\n<div class=\"gqb-titel\">Band 7<\/div>\n<p>Bornitz, Ulrich:<br \/>\n<a href=\"?p=3874\">Wappen auf Abwasserkanaldeckeln<\/a><br \/>\n<img decoding=\"async\" title=\"Wappen auf Abwasserkanaldeckeln\" src=\"https:\/\/testhp.bggroteradler.de\/wp-content\/uploads\/2018\/05\/LR-7-fertiges-Buch-208x300.jpg\" alt=\"Wappen auf Abwasserkanaldeckeln\" width=\"147\" height=\"210\"><br \/>\nDer Preis f\u00fcr Nichtmitglieder betr\u00e4gt 19,00 \u20ac.<br \/>\n(ISBN 978-3-945402-09-2)\n<\/div>\n<div class=\"gqb-rechts\">\n<div class=\"gqb-titel\">Band 8<\/div>\n<p>Riechau, Martin:<br \/>\n<a href=\"?p=5846\">Feldpostbriefe als genealogische Quelle<\/a><br \/>\n<img decoding=\"async\" title=\"Feldpostbriefe als genealogische Quelle\" src=\"https:\/\/testhp.bggroteradler.de\/wp-content\/uploads\/2020\/03\/LR-8-Feldpostbriefe-Titel-229x300.jpg\" alt=\"Feldpostbriefe als genealogische Quelle\" width=\"147\" height=\"210\"><br \/>\nDer Preis f\u00fcr Nichtmitglieder betr\u00e4gt 14,00 \u20ac.<br \/>\n(ISBN 978-3-945402-14-6)\n<\/div>\n<div class=\"gqb-links\">\n<div class=\"gqb-titel\">Band 9<\/div>\n<p>Ropraz, Charlotte:<br \/>\n<a href=\"?p=8088\">Eidgenossen in brandenburgisch-preu\u00dfischen Diensten.<\/a><br \/>\n<img decoding=\"async\" title=\"Die Schweizergarde in Berlin 1696-1713\" src=\"https:\/\/testhp.bggroteradler.de\/wp-content\/uploads\/2021\/12\/Titelblatt-GHSB-9-211x300.jpg\" alt=\"Die Schweizergarde in Berlin 1696-1713\" width=\"147\" height=\"210\"><br \/>\nDer Preis f\u00fcr Nichtmitglieder betr\u00e4gt 22,00 \u20ac.<br \/>\n(ISBN 978-3-945402-20-7)\n<\/div>\n<div class=\"gqb-rechts\">\n<div class=\"gqb-titel\">Band 10<\/div>\n<p>Treutler, Gerd-Christian Th.:<br \/>\n<a href=\"?p=9006\">Zu Seiner Majest\u00e4t allerh\u00f6chstem Interesse.<\/a><br \/>\n<img decoding=\"async\" title=\"Die Dom\u00e4nenpolitik Friedrich Wilhelms I., K\u00f6nig in Preu\u00dfen, am Beispiel der Kurmark\" src=\"https:\/\/testhp.bggroteradler.de\/wp-content\/uploads\/2022\/12\/GHSB-10-Titel-209x300.jpg\" alt=\"Die Dom\u00e4nenpolitik Friedrich Wilhelms I.\" width=\"147\" height=\"210\"><br \/>\nDer Preis f\u00fcr Nichtmitglieder betr\u00e4gt 59,00 \u20ac.<br \/>\n(ISBN 978-3-945402-22-1)\n<\/div>\n<p><a style=\"color: red; font-weight: bold;\" href=\"?page_id=1294\">Publikationen bestellen<\/a><\/p>\n","protected":false},"excerpt":{"rendered":"<p>Die &#8220;Genealogisch-Historischen Studien Brandenburgs&#8221; (ehemals: Die Lose Reihe (LR)) widmen sich Einzelver\u00f6ffentlichungen zu Themen der historischen Hilfswissenschaften oder Regionalgeschichte, die zu gro\u00df f\u00fcr die Brandenburgischen Genealogischen Nachrichten und das Brandenburgische Genealogische Jahrbuch sind. Heft 1 (LR-01): Vortr\u00e4ge vom Regionaltreffen Brandenburg, ISBN 978-3-9811997-8-9, A5, 32 Seiten Heft 2 (LR-02): Vortr\u00e4ge vom Regionaltreffen Brandenburg, ISBN 978-3-9811997-9-6, A5, 36 Seiten Band 3 Kiesel, Iris: Familie Mette in Bredow im Havelland Der Preis f\u00fcr Nichtmitglieder betr\u00e4gt 5,00 \u20ac. (ISBN 978-3-9814410-1-7) Band 4 Richau, Martin: [&#8230;]<\/p>\n","protected":false},"author":1458,"featured_media":0,"parent":5668,"menu_order":6,"comment_status":"closed","ping_status":"closed","template":"","meta":{"_themeisle_gutenberg_block_has_review":false,"footnotes":""},"_links":{"self":[{"href":"https:\/\/testhp.bggroteradler.de\/index.php?rest_route=\/wp\/v2\/pages\/1274"}],"collection":[{"href":"https:\/\/testhp.bggroteradler.de\/index.php?rest_route=\/wp\/v2\/pages"}],"about":[{"href":"https:\/\/testhp.bggroteradler.de\/index.php?rest_route=\/wp\/v2\/types\/page"}],"author":[{"embeddable":true,"href":"https:\/\/testhp.bggroteradler.de\/index.php?rest_route=\/wp\/v2\/users\/1458"}],"replies":[{"embeddable":true,"href":"https:\/\/testhp.bggroteradler.de\/index.php?rest_route=%2Fwp%2Fv2%2Fcomments&post=1274"}],"version-history":[{"count":36,"href":"https:\/\/testhp.bggroteradler.de\/index.php?rest_route=\/wp\/v2\/pages\/1274\/revisions"}],"predecessor-version":[{"id":9044,"href":"https:\/\/testhp.bggroteradler.de\/index.php?rest_route=\/wp\/v2\/pages\/1274\/revisions\/9044"}],"up":[{"embeddable":true,"href":"https:\/\/testhp.bggroteradler.de\/index.php?rest_route=\/wp\/v2\/pages\/5668"}],"wp:attachment":[{"href":"https:\/\/testhp.bggroteradler.de\/index.php?rest_route=%2Fwp%2Fv2%2Fmedia&parent=1274"}],"curies":[{"name":"wp","href":"https:\/\/api.w.org\/{rel}","templated":true}]}}