{"id":1313,"date":"2012-11-23T21:05:29","date_gmt":"2012-11-23T21:05:29","guid":{"rendered":"https:\/\/testhp.bggroteradler.de\/?page_id=1313"},"modified":"2023-03-29T22:08:58","modified_gmt":"2023-03-29T20:08:58","slug":"andere-vereine","status":"publish","type":"page","link":"https:\/\/testhp.bggroteradler.de\/?page_id=1313","title":{"rendered":"Andere Vereine"},"content":{"rendered":"<p>Hier finden Sie die Homepages anderer Vereine &#8211; Ein Blick in die Familienforschung au\u00dferhalb Brandenburgs<\/p>\n<p><br class=\"clear\" \/><\/p>\n<p><a href=\"https:\/\/www.compgen.de\/\">Compgen &#8211; Verein f\u00fcr Computergenealogie<\/a><br class=\"clear\" \/><br \/>\n<a href=\"https:\/\/pommerscher-greif.de\">Pommerscher Greif e.V.<\/a><br class=\"clear\" \/><br \/>\n<a href=\"https:\/\/www.mfpev.de\/\">Verein f\u00fcr mecklenburgische Familien- und Personengeschichte e.V.<\/a><br class=\"clear\" \/><br \/>\n<a href=\"https:\/\/ag-genealogie-magdeburg.de\/\">AG Genealogie Magdeburg<\/a><br class=\"clear\" \/><br \/>\n<a href=\"http:\/\/iggberlin.org\/\">Interessengemeinschaft Genealogie Berlin<\/a><br class=\"clear\" \/><br \/>\n<a href=\"https:\/\/www.dagv.de\/\">DAGV<\/a><\/p>\n","protected":false},"excerpt":{"rendered":"<p>Hier finden Sie die Homepages anderer Vereine &#8211; Ein Blick in die Familienforschung au\u00dferhalb Brandenburgs Compgen &#8211; Verein f\u00fcr Computergenealogie Pommerscher Greif e.V. Verein f\u00fcr mecklenburgische Familien- und Personengeschichte e.V. AG Genealogie Magdeburg Interessengemeinschaft Genealogie Berlin DAGV<\/p>\n","protected":false},"author":1458,"featured_media":0,"parent":346,"menu_order":0,"comment_status":"closed","ping_status":"open","template":"","meta":{"_themeisle_gutenberg_block_has_review":false,"footnotes":""},"_links":{"self":[{"href":"https:\/\/testhp.bggroteradler.de\/index.php?rest_route=\/wp\/v2\/pages\/1313"}],"collection":[{"href":"https:\/\/testhp.bggroteradler.de\/index.php?rest_route=\/wp\/v2\/pages"}],"about":[{"href":"https:\/\/testhp.bggroteradler.de\/index.php?rest_route=\/wp\/v2\/types\/page"}],"author":[{"embeddable":true,"href":"https:\/\/testhp.bggroteradler.de\/index.php?rest_route=\/wp\/v2\/users\/1458"}],"replies":[{"embeddable":true,"href":"https:\/\/testhp.bggroteradler.de\/index.php?rest_route=%2Fwp%2Fv2%2Fcomments&post=1313"}],"version-history":[{"count":4,"href":"https:\/\/testhp.bggroteradler.de\/index.php?rest_route=\/wp\/v2\/pages\/1313\/revisions"}],"predecessor-version":[{"id":9416,"href":"https:\/\/testhp.bggroteradler.de\/index.php?rest_route=\/wp\/v2\/pages\/1313\/revisions\/9416"}],"up":[{"embeddable":true,"href":"https:\/\/testhp.bggroteradler.de\/index.php?rest_route=\/wp\/v2\/pages\/346"}],"wp:attachment":[{"href":"https:\/\/testhp.bggroteradler.de\/index.php?rest_route=%2Fwp%2Fv2%2Fmedia&parent=1313"}],"curies":[{"name":"wp","href":"https:\/\/api.w.org\/{rel}","templated":true}]}}