{"id":192,"date":"2010-11-19T10:40:42","date_gmt":"2010-11-19T09:40:42","guid":{"rendered":"http:\/\/wp.bggroteradler.de\/?page_id=192"},"modified":"2020-10-08T09:07:08","modified_gmt":"2020-10-08T08:07:08","slug":"grundsatzprogramm","status":"publish","type":"page","link":"https:\/\/testhp.bggroteradler.de\/?page_id=192","title":{"rendered":"Grundsatzprogramm"},"content":{"rendered":"\n<p><strong>Vorwort<\/strong><\/p>\n\n\n\n<p>Dieses Grundsatzprogramm bietet der Brandenburgischen Genealogischen Gesellschaft \u201eRoter Adler\u201c (BGG) einen Orientierungsrahmen f\u00fcr die Vereinsarbeit. Es gibt allen Interessierten an der Familienforschung auf dem Gebiet der historischen Mark Brandenburg, der \u00d6ffentlichkeit und unseren Mitgliedern einen \u00dcberblick \u00fcber die Ziele und Aufgaben unseres Vereins. <\/p>\n\n\n\n<p><strong>1. Ziele und Zweck des Vereins<\/strong><\/p>\n\n\n\n<ul><li>Die Brandenburgische Genealogische Gesellschaft \u201e Roter Adler\u201c (BGG) ist der Verein aller an der genealogischen Forschung auf dem Gebiet der historischen Mark Brandenburg interessierten Einzelpersonen und Institutionen und politisch unabh\u00e4ngig. <\/li><li>Sie verfolgt das Ziel der Pflege und F\u00f6rderung der genealogischen und damit zusammenh\u00e4ngenden regional-geschichtlichen Bildung, Wissenschaft, Kultur und Forschung auf dem Gebiet der historischen Mark Brandenburg. <\/li><li>Private und organisierte Genealogen und familienkundlich Interessierte leisten einen wichtigen Beitrag zur historischen und soziologischen Wissenschaft, Bildung und Forschung sowie zur Identit\u00e4tsstiftung und \u2013wahrung in der Bev\u00f6lkerung. <\/li><li>Die BGG setzt sich f\u00fcr die Interessen ihrer Mitglieder ein, die im Zusammenhang mit ihren satzungsgem\u00e4\u00dfen Aufgaben stehen. <\/li><li>Sie tritt f\u00fcr eine St\u00e4rkung und Verbreitung der wissenschaftlich fundierten genealogischen Forschung ein und f\u00f6rdert das Interesse und Verst\u00e4ndnis der \u00d6ffentlichkeit f\u00fcr die Genealogie und verwandte Wissenschaften. <\/li><li>Die BGG ist Mitglied im Dachverband Deutsche Arbeitsgemeinschaft Genealogischer Verb\u00e4nde (DAGV) und dem Verein f\u00fcr Computergenealogie (CompGen) e.V und gestaltet damit ihre Bem\u00fchungen um eine Zusammenarbeit aller genealogischen Verb\u00e4nde zum gegenseitigen Vorteil. <\/li><li>Sie betreibt und unterst\u00fctzt keine kommerziellen Aktivit\u00e4ten und Bestrebungen innerhalb und au\u00dferhalb ihrer satzungsgem\u00e4\u00dfen Aufgaben. <\/li><\/ul>\n\n\n\n<p><strong>2. Ziele der Forschungsarbeit und Dokumentation<\/strong><\/p>\n\n\n\n<p>Die BGG unterst\u00fctzt ihre Mitglieder bei der aktiven genealogischen Forschung und deren Dokumentation insbesondere durch:<br><\/p>\n\n\n\n<ul><li>die Einrichtung einer geschlossenen Mailingliste zum internen Informationsaustausch<\/li><li>die Einbindung der bestehenden offenen Mailinglisten Brandenburg-L und Neumark-L<\/li><li>die Einrichtung bzw. Vermittlung von M\u00f6glichkeiten zur sicheren Archivierung \/ Hinterlegung von Forschungsergebnissen (Archiv\/Bibliothek)<\/li><li>die Einrichtung von genealogischen Forschungsstellen, die regionale oder thematische Schwerpunkte des Satzungszweckes bearbeiten<\/li><li>die Koordination der bereits laufenden und zuk\u00fcnftigen genealogischen Forschung, u.a.durch die Erstellung von Verkartungen von Quellen und Stammfolgen<\/li><li>die Herausgabe einer internen Periodika \u201eBrandenburgische Genealogische Nachrichten\u201c<\/li><li>die Herausgabe einer Jahresschrift \u201eBrandenburgisches Genealogisches Jahrbuch\u201c 1 zur Dokumentation von Forschungsergebnissen<\/li><li>die Einrichtung und Pflege einer Vereinshomepage als Forschungs- und Kommunikationsportal.<\/li><\/ul>\n\n\n\n<p><strong>3. Ziele der Bildungs- und \u00d6ffentlichkeitsarbeit<\/strong><\/p>\n\n\n\n<p>Die BGG betreibt genealogische und damit im Zusammenhang stehende Bildungs- und \u00d6ffentlichkeitsarbeit insbesondere durch: <br><\/p>\n\n\n\n<ul><li>die Herausgabe und den Vertrieb des \u201eBrandenburgischen Genealogischen Jahrbuchs\u201c, welches die Arbeitsergebnisse der BGG einer breiten \u00d6ffentlichkeit zug\u00e4nglich machen soll, der quartalsweise erscheinenden Zeitschrift &#8220;Brandenburgische Genealogische Nachrichten&#8221;, sowie weiterer Publikationen im BGG-Verlag als gemeinn\u00fctzigem Zweckbetrieb<\/li><li>die Erarbeitung und Herausgabe von Pressever\u00f6ffentlichungen zum Thema Familien-, Personen- und Regionalgeschichte<\/li><li>die Kontaktaufnahme und -pflege zu den Kultur- und Wissenschaftsredaktionen von Zeitungen und Zeitschriften zu genealogischen Themen<\/li><li>die Beteiligung an und die Ausrichtung von familien- und regionalgeschichtlichen Veranstaltungen<\/li><li>die Erarbeitung und Pr\u00e4sentation von familien- und regionalgeschichtlichen Vortr\u00e4gen und Seminaren<\/li><\/ul>\n\n\n\n<p><strong>4. Ziele der Zusammenarbeit mit anderen Institutionen und Vereinen<\/strong><\/p>\n\n\n\n<p>\nDie BGG gestaltet die Zusammenarbeit mit anderen genealogischen Institutionen und Vereinen insbesondere durch:\n<\/p>\n\n\n\n<ul><li>ihre Mitgliedschaft im Dachverband Deutsche Arbeitsgemeinschaft Genealogischer Verb\u00e4nde (DAGV)<\/li><li>ihre Mitgliedschaft im Verein f\u00fcr Computergenealogie (CompGen) e.V.<\/li><li>die Kontaktaufnahme und -pflege zu benachbarten genealogischen Vereinen, sowie den im Forschungsgebiet t\u00e4tigen und angrenzenden Vereinen zur Regional- und Heimatgeschichte<\/li><li>die Aufnahme und Pflege der Zusammenarbeit mit Vereinen und Institutionen auf dem Gebiet der Brandenburgischen Regionalgeschichte.<\/li><\/ul>\n\n\n\n<p>(\u00fcberarbeitete Version 2020)<\/p>\n","protected":false},"excerpt":{"rendered":"<p>Vorwort Dieses Grundsatzprogramm bietet der Brandenburgischen Genealogischen Gesellschaft \u201eRoter Adler\u201c (BGG) einen Orientierungsrahmen f\u00fcr die Vereinsarbeit. Es gibt allen Interessierten an der Familienforschung auf dem Gebiet der historischen Mark Brandenburg, der \u00d6ffentlichkeit und unseren Mitgliedern einen \u00dcberblick \u00fcber die Ziele und Aufgaben unseres Vereins. 1. Ziele und Zweck des Vereins Die Brandenburgische Genealogische Gesellschaft \u201e Roter Adler\u201c (BGG) ist der Verein aller an der genealogischen Forschung auf dem Gebiet der historischen Mark Brandenburg interessierten Einzelpersonen und Institutionen und politisch unabh\u00e4ngig. [&#8230;]<\/p>\n","protected":false},"author":1458,"featured_media":0,"parent":5635,"menu_order":4,"comment_status":"closed","ping_status":"closed","template":"","meta":{"_themeisle_gutenberg_block_has_review":false,"footnotes":""},"_links":{"self":[{"href":"https:\/\/testhp.bggroteradler.de\/index.php?rest_route=\/wp\/v2\/pages\/192"}],"collection":[{"href":"https:\/\/testhp.bggroteradler.de\/index.php?rest_route=\/wp\/v2\/pages"}],"about":[{"href":"https:\/\/testhp.bggroteradler.de\/index.php?rest_route=\/wp\/v2\/types\/page"}],"author":[{"embeddable":true,"href":"https:\/\/testhp.bggroteradler.de\/index.php?rest_route=\/wp\/v2\/users\/1458"}],"replies":[{"embeddable":true,"href":"https:\/\/testhp.bggroteradler.de\/index.php?rest_route=%2Fwp%2Fv2%2Fcomments&post=192"}],"version-history":[{"count":16,"href":"https:\/\/testhp.bggroteradler.de\/index.php?rest_route=\/wp\/v2\/pages\/192\/revisions"}],"predecessor-version":[{"id":6385,"href":"https:\/\/testhp.bggroteradler.de\/index.php?rest_route=\/wp\/v2\/pages\/192\/revisions\/6385"}],"up":[{"embeddable":true,"href":"https:\/\/testhp.bggroteradler.de\/index.php?rest_route=\/wp\/v2\/pages\/5635"}],"wp:attachment":[{"href":"https:\/\/testhp.bggroteradler.de\/index.php?rest_route=%2Fwp%2Fv2%2Fmedia&parent=192"}],"curies":[{"name":"wp","href":"https:\/\/api.w.org\/{rel}","templated":true}]}}