{"id":3454,"date":"2017-09-20T18:20:51","date_gmt":"2017-09-20T17:20:51","guid":{"rendered":"https:\/\/testhp.bggroteradler.de\/?page_id=3454"},"modified":"2020-01-26T21:51:40","modified_gmt":"2020-01-26T20:51:40","slug":"altmark","status":"publish","type":"page","link":"https:\/\/testhp.bggroteradler.de\/?page_id=3454","title":{"rendered":"Altmark"},"content":{"rendered":"<p><strong>Forschungsstelle Altmark<\/strong> (gegr\u00fcndet am 13.07.2017)<br \/>\nForschungsstellenleiter ist <strong>R\u00fcdiger Sachtjen<\/strong>.<br \/>\nAnfragen \u00fcber <a href=\"mailto:bgg-fst-altmark@bggroteradler.de\">BGG-FST-Altmark<\/a><\/p>\n<hr>\n<h3>Landschaft Altmark<\/h3>\n<p><a href=\"https:\/\/testhp.bggroteradler.de\/wp-content\/uploads\/2017\/09\/Altmark-bearb.jpg\" target=\"_blank\" rel=\"noopener noreferrer\"><img decoding=\"async\" style=\"float: right; width: 400px; margin: 10px; padding: 10px; border: 1px solid black;\" src=\"https:\/\/testhp.bggroteradler.de\/wp-content\/uploads\/2017\/09\/Altmark-bearb.jpg\"><\/a><\/p>\n<p style=\"text-align: justify;\">Die Altmark ist heute eine Region im Norden des Landes Sachsen-Anhalt. Die historische Kulturlandschaft erstreckt sich vom Drawehn im Westen bis an die Elbe im Osten, grenzt im S\u00fcden an die Magdeburger B\u00f6rde und im Norden an das Wendland. Der Name Altmark erschien erstmals 1304 \u2013 Antiqua Marchia (Alte Mark) \u2013 und bezieht sich auf ihre Bedeutung als westelbisches Ausgangsgebiet bei der Einrichtung der Mark Brandenburg. Darauf beziehen sich auch blumige Charakterisierungen als \u201eWiege Brandenburgs\u201c oder gar \u201eWiege Preu\u00dfens\u201c. Als Ganzes geh\u00f6rte sie seit der Gr\u00fcndung der Mark Brandenburg bis 1806 zu dieser Markgrafschaft und dem daraus hervorgegangenen preu\u00dfischen Staat. Die Altmark wird heute in den Altmarkkreis Salzwedel und den Landkreis Stendal untergliedert.<\/p>\n<h4>Altmarkkreis Salzwedel<\/h4>\n<p>Fl\u00e4che: 2.293 km2, Einwohner ca. 86.200, Gemeinden: 13<\/p>\n<h4>Landkreis Stendal<\/h4>\n<p>Fl\u00e4che: 2.423 km2, Einwohner ca. 115.200, Gemeinden: 25<\/p>\n<h3>Kreise der Altmark bis 1806<\/h3>\n<p style=\"text-align: justify;\">Die Altmark war durch eine besondere Kreisverfassung gekennzeichnet. Als Provinz oder Hauptkreis bestand sie aus sogenannten Unterkreisen, die noch vor 1806 z. T. zusammengelegt worden sind. Diese Unterkreise waren rechtlich nicht selbstst\u00e4ndig und wurden durch ein Kreisdirektorium verwaltet. Das altm\u00e4rkische Kreisdirektorium in Stendal war bis 1806 mit einem Kreisdirektor, einem Kriegs- und Steuerrat sowie zun\u00e4chst mit je einem Landrat f\u00fcr die sechs Kreise Stendal, Tangerm\u00fcnde, Arneburg, Seehausen, Arendsee und Salzwedel zust\u00e4ndig. Ab 1735 wurden Arneburg-Tangerm\u00fcnde und Arendsee-Seehausen jeweils durch einen Landrat gemeinsam verwaltet.<\/p>\n<p style=\"text-align: justify;\">Eine weitere Besonderheit stellte die Altm\u00e4rkisch-Prignitzsche Kammerdeputation als einzige Zweigbeh\u00f6rde der Kurm\u00e4rkischen Kriegs- und Dom\u00e4nenkammer (KDK) dar. Einerseits wohl wegen der zus\u00e4tzlichen Unterkreisgliederung, andererseits aber sicherlich auch wegen der Entfernung von Potsdam war diese Unterbeh\u00f6rde in Stendal von 1770-1790 f\u00fcr die Hauptkreise Altmark und Prignitz zust\u00e4ndig. Diesem Umstand verdanken wir eine besonders gute \u00dcberlieferungslage, da die Stendaler Beh\u00f6rde eine planm\u00e4\u00dfige Aktenbereinigung der KDK nicht ad\u00e4quat umgesetzt hatte.<br \/>\nDurch den napoleonischen Sieg \u00fcber Preu\u00dfen im Jahre 1806 wurde die Altmark von der Kurmark abgetrennt und dem neuen K\u00f6nigreich Westfalen zugeschlagen. Mit der Neustrukturierung Preu\u00dfens 1815\/17 ging sie dann in der neuen preu\u00dfischen Provinz Sachsen auf, wodurch sie bis heute von Brandenburg getrennt blieb.<\/p>\n<h3>Forschung in der Region<\/h3>\n<p>Auf Wunsch der Mitglieder und der historischen Zugeh\u00f6rigkeit der Altmark zu Brandenburg haben wir unsere Forschungsstelle eingerichtet. Daneben wird die Region auch weiterhin von der <a href=\"http:\/\/amf-verein.de\/\" target=\"_blank\" rel=\"noopener noreferrer\">AMF<\/a> und der <a href=\"http:\/\/www.genealogienetz.de\/vereine\/AG-Magdeburg\/\" target=\"_blank\" rel=\"noopener noreferrer\">Arbeitsgemeinschaft f\u00fcr Genealogie Magdeburg<\/a> betreut.<br \/>\nMit der Arbeitsgemeinschaft f\u00fcr Genealogie Magdeburg verbindet die BGG eine gegenseitige Mitgliedschaft:<br \/>\n<a href=\"http:\/\/www.genealogienetz.de\/vereine\/AG-Magdeburg\/\" target=\"_blank\" rel=\"noopener noreferrer\">Arbeitsgemeinschaft Genealogie Magdeburg im Kultur- und Heimatverein Magdeburg<\/a><br \/>\nThiemstr. 7, 39104 Magdeburg<br \/>\nEmail: AgMagdeburg(at)genealogienetz.de<br \/>\nBearbeiter: Horst K\u00f6tz<\/p>\n<h3>Links:<\/h3>\n<ul>\n<li><a href=\"http:\/\/www.altmarkkreis-salzwedel.de\/desktopdefault.aspx\" target=\"_blank\" rel=\"noopener noreferrer\">Webseite des Altmarkkreises Salzwedel<\/a><\/li>\n<li><a href=\"https:\/\/www.landkreis-stendal.de\" target=\"_blank\" rel=\"noopener noreferrer\">Webseite des Landkreises Stendal<\/a><\/li>\n<li><a href=\"https:\/\/landesarchiv.sachsen-anhalt.de\/startseite\/\" target=\"_blank\" rel=\"noopener noreferrer\">Landesarchiv Sachsen-Anhalt (LASA)<\/a><\/li>\n<li><a href=\"http:\/\/www.rambow.de\/download\/Evangelisches-Pfarrerbuch-fuer-die-Altmark.pdf\" target=\"_blank\" rel=\"noopener noreferrer\">Evangelisches Pfarrerbuch f\u00fcr die Altmark<\/a><\/li>\n<li><a href=\"http:\/\/www.altmarkgeschichte.info\/?id=46\" target=\"_blank\" rel=\"noopener noreferrer\">Altm\u00e4rkischer Verein f\u00fcr vaterl\u00e4ndische Geschichte<\/a><\/li>\n<li><a href=\"https:\/\/vereine.genealogy.net\/AG-Magdeburg\/forschung\/genealogische-quellen\/index.html\" target=\"_blank\" rel=\"noopener noreferrer\">Genealogische Quellen<\/a><\/li>\n<\/ul>\n","protected":false},"excerpt":{"rendered":"<p>Forschungsstelle Altmark (gegr\u00fcndet am 13.07.2017) Forschungsstellenleiter ist R\u00fcdiger Sachtjen. Anfragen \u00fcber BGG-FST-Altmark Landschaft Altmark Die Altmark ist heute eine Region im Norden des Landes Sachsen-Anhalt. Die historische Kulturlandschaft erstreckt sich vom Drawehn im Westen bis an die Elbe im Osten, grenzt im S\u00fcden an die Magdeburger B\u00f6rde und im Norden an das Wendland. Der Name Altmark erschien erstmals 1304 \u2013 Antiqua Marchia (Alte Mark) \u2013 und bezieht sich auf ihre Bedeutung als westelbisches Ausgangsgebiet bei der Einrichtung der Mark Brandenburg. [&#8230;]<\/p>\n","protected":false},"author":1458,"featured_media":0,"parent":5641,"menu_order":2,"comment_status":"closed","ping_status":"closed","template":"","meta":{"_themeisle_gutenberg_block_has_review":false,"footnotes":""},"_links":{"self":[{"href":"https:\/\/testhp.bggroteradler.de\/index.php?rest_route=\/wp\/v2\/pages\/3454"}],"collection":[{"href":"https:\/\/testhp.bggroteradler.de\/index.php?rest_route=\/wp\/v2\/pages"}],"about":[{"href":"https:\/\/testhp.bggroteradler.de\/index.php?rest_route=\/wp\/v2\/types\/page"}],"author":[{"embeddable":true,"href":"https:\/\/testhp.bggroteradler.de\/index.php?rest_route=\/wp\/v2\/users\/1458"}],"replies":[{"embeddable":true,"href":"https:\/\/testhp.bggroteradler.de\/index.php?rest_route=%2Fwp%2Fv2%2Fcomments&post=3454"}],"version-history":[{"count":20,"href":"https:\/\/testhp.bggroteradler.de\/index.php?rest_route=\/wp\/v2\/pages\/3454\/revisions"}],"predecessor-version":[{"id":5644,"href":"https:\/\/testhp.bggroteradler.de\/index.php?rest_route=\/wp\/v2\/pages\/3454\/revisions\/5644"}],"up":[{"embeddable":true,"href":"https:\/\/testhp.bggroteradler.de\/index.php?rest_route=\/wp\/v2\/pages\/5641"}],"wp:attachment":[{"href":"https:\/\/testhp.bggroteradler.de\/index.php?rest_route=%2Fwp%2Fv2%2Fmedia&parent=3454"}],"curies":[{"name":"wp","href":"https:\/\/api.w.org\/{rel}","templated":true}]}}