{"id":4711,"date":"2019-06-05T21:44:23","date_gmt":"2019-06-05T20:44:23","guid":{"rendered":"https:\/\/testhp.bggroteradler.de\/?page_id=4711"},"modified":"2022-02-28T02:40:25","modified_gmt":"2022-02-28T01:40:25","slug":"downloads","status":"publish","type":"page","link":"https:\/\/testhp.bggroteradler.de\/?page_id=4711","title":{"rendered":"Downloads"},"content":{"rendered":"\n<p>Hier haben wir die wichtigsten Downloads f\u00fcr Sie zusammengestellt.<\/p>\n\n\n\n<ul><li><a href=\"https:\/\/testhp.bggroteradler.de\/downloads\/bgg_mitgliedsantrag_sepa_2022_de.pdf\">Download Mitgliedsantrag<\/a><\/li><li><a href=\"https:\/\/testhp.bggroteradler.de\/downloads\/bgg_einzugsermaechtigung.pdf\">Download Einzugserm\u00e4chtigung<\/a><\/li><li><a href=\"https:\/\/testhp.bggroteradler.de\/downloads\/fa-freistellung_2015-2017.pdf\">Download Freistellungsbescheid<\/a><\/li><li><a href=\"https:\/\/testhp.bggroteradler.de\/downloads\/bgg_satzung_2020_deu.pdf\">Download Satzung<\/a><\/li><li><a href=\"https:\/\/testhp.bggroteradler.de\/downloads\/datenschutz.pdf\">Download Datenschutzerkl\u00e4rung<\/a><\/li><li><a href=\"https:\/\/testhp.bggroteradler.de\/downloads\/bestellung.pdf\">Download Bestellschein<\/a><\/li><\/ul>\n\n\n\n<p><a href=\"?page_id=192\"><\/a><\/p>\n","protected":false},"excerpt":{"rendered":"<p>Hier haben wir die wichtigsten Downloads f\u00fcr Sie zusammengestellt. Download Mitgliedsantrag Download Einzugserm\u00e4chtigung Download Freistellungsbescheid Download Satzung Download Datenschutzerkl\u00e4rung Download Bestellschein<\/p>\n","protected":false},"author":1458,"featured_media":0,"parent":5638,"menu_order":3,"comment_status":"closed","ping_status":"closed","template":"","meta":{"_themeisle_gutenberg_block_has_review":false,"footnotes":""},"_links":{"self":[{"href":"https:\/\/testhp.bggroteradler.de\/index.php?rest_route=\/wp\/v2\/pages\/4711"}],"collection":[{"href":"https:\/\/testhp.bggroteradler.de\/index.php?rest_route=\/wp\/v2\/pages"}],"about":[{"href":"https:\/\/testhp.bggroteradler.de\/index.php?rest_route=\/wp\/v2\/types\/page"}],"author":[{"embeddable":true,"href":"https:\/\/testhp.bggroteradler.de\/index.php?rest_route=\/wp\/v2\/users\/1458"}],"replies":[{"embeddable":true,"href":"https:\/\/testhp.bggroteradler.de\/index.php?rest_route=%2Fwp%2Fv2%2Fcomments&post=4711"}],"version-history":[{"count":7,"href":"https:\/\/testhp.bggroteradler.de\/index.php?rest_route=\/wp\/v2\/pages\/4711\/revisions"}],"predecessor-version":[{"id":7978,"href":"https:\/\/testhp.bggroteradler.de\/index.php?rest_route=\/wp\/v2\/pages\/4711\/revisions\/7978"}],"up":[{"embeddable":true,"href":"https:\/\/testhp.bggroteradler.de\/index.php?rest_route=\/wp\/v2\/pages\/5638"}],"wp:attachment":[{"href":"https:\/\/testhp.bggroteradler.de\/index.php?rest_route=%2Fwp%2Fv2%2Fmedia&parent=4711"}],"curies":[{"name":"wp","href":"https:\/\/api.w.org\/{rel}","templated":true}]}}