{"id":515,"date":"2010-11-25T12:26:04","date_gmt":"2010-11-25T11:26:04","guid":{"rendered":"http:\/\/wp.bggroteradler.de\/?page_id=515"},"modified":"2023-01-05T20:01:14","modified_gmt":"2023-01-05T19:01:14","slug":"mitglied-werden","status":"publish","type":"page","link":"https:\/\/testhp.bggroteradler.de\/?page_id=515","title":{"rendered":"Mitglied werden"},"content":{"rendered":"\r\n<p>&nbsp;<\/p>\r\n<p style=\"text-align: justify;\"><span style=\"color: #000000;\">Um Mitglied in der Brandenburgischen Genealogischen Gesellschaft &#8220;Roter Adler&#8221; e.V. zu werden, laden Sie sich einfach den<\/span> <a href=\"downloads\/bgg_mitgliedsantrag_sepa_2022_de.pdf\"><span style=\"color: #ff0000;\"><em>Mitgliedsantrag<\/em><\/span><\/a> <span style=\"color: #000000;\">herunter oder f\u00fcllen ihn direkt am Computer aus. Den ausgef\u00fcllten Antrag senden Sie dann bitte unterschrieben an<\/span><\/p>\r\n<p><span style=\"color: #003366;\"><strong>Brandenburgische Genealogische Gesellschaft &#8220;Roter Adler&#8221; e.V.<br class=\"clear\">c\/o Dr. Gerd-Christian Treutler<br class=\"clear\">Ruppiner Str. 61<br class=\"clear\">D &#8211; 14612 Falkensee<\/strong><\/span><\/p>\r\n<p><span style=\"color: #000000;\">Alternativ k\u00f6nnen sie den Antrag auch an per Fax an <strong> 03322 \/ 234387<\/strong> oder als Email-Anhang an <strong>mitgliedschaft(at)bggroteradler.de<\/strong> schicken.<\/span><\/p>\r\n<p>&nbsp;<\/p>\r\n<div style=\"border: 1px solid #B6B6B6; padding-left: 10px; padding-right: 10px; margin: 10px; background-color: #e0e0e0;\">\r\n<p style=\"text-align: justify;\">Als Mitglied der Brandenburgischen Genealogischen Gesellschaft &#8220;Roter Adler&#8221; e. V. haben Sie u. a. folgende Vorteile<\/p>\r\n<ul>\r\n<li>Kostenloser Bezug der Brandenburgischen Genealogischen Nachrichten und des Brandenburgischen Genealogischen Jahrbuches<\/li>\r\n<li>Bezug der anderen Publikationen zum Mitgliederpreis (in der Regel 50% des \u00f6ffentlichen Verkaufspreises, maximal f\u00fcr drei Exemplare)<\/li>\r\n<li>Voller Zugriff auf alle Datenbanken (z.B. Stammbaumdatenbank, Pfarrerdatenbank)<\/li>\r\n<li>Mitgliedschaft in der vereinsinternen Mailingliste<\/li>\r\n<li>Beitrag (und Spenden) sind steuerlich absetzbar<\/li>\r\n<\/ul>\r\n<\/div>\r\n<p><br class=\"\u201cclear\u201d\"><strong>Ohne Mitgliedsbeitr\u00e4ge geht es nat\u00fcrlich nicht:<\/strong><br class=\"\u201cclear\u201d\"><br class=\"\u201cclear\u201d\"><\/p>\r\n<ul>\r\n<li><strong><span style=\"color: #ff0000;\">Aktuell bieten wir eine Schnuppermitgliedschaft f\u00fcr einen Mitgliedsbeitrag von nur 20,00 Euro im ersten Mitgliedsjahr an. Ab dem zweiten Mitgliedsjahr ist dann der regul\u00e4re Mitgliedsbeitrag zu bezahlen.<\/span><\/strong><\/li>\r\n<li>Die einmalige Aufnahmegeb\u00fchr betr\u00e4gt aktuell 10,00 Euro.<\/li>\r\n<li>Der regul\u00e4re j\u00e4hrliche Mitgliedsbeitrag betr\u00e4gt aktuell 40,00 Euro.<\/li>\r\n<li>Auf Antrag sind Erm\u00e4\u00dfigungen m\u00f6glich, die z.B. f\u00fcr Sch\u00fcler, Studenten, Arbeitslose und vergleichbare Gruppen, sowie f\u00fcr weitere Mitglieder einer Familie, wenn Publikationen nur einmal bezogen werden, die H\u00e4lfte des regul\u00e4ren Beitrages ausmachen.<\/li>\r\n<\/ul>\r\n<p>&nbsp;<\/p>\r\n<h3>Weitere Informationen:<\/h3>\r\n<p>&nbsp;<\/p>\r\n<ul>\r\n<li style=\"list-style-type: none;\">\r\n<ul>\r\n<li><a href=\"?page_id=192\">Grundsatzprogramm<\/a><\/li>\r\n<li><a href=\"https:\/\/testhp.bggroteradler.de\/downloads\/bgg_mitgliedsantrag_sepa_2022_de.pdf\">Download Mitgliedsantrag + Einzugserm\u00e4chtigung<\/a><\/li>\r\n<li><a href=\"hhttps:\/\/testhp.bggroteradler.de\/downloads\/fa-freistellung_2015-2017.pdf\">Download Freistellungsbescheid<\/a><\/li>\r\n<li><a href=\"https:\/\/testhp.bggroteradler.de\/downloads\/bgg_einzugsermaechtigung.pdf\">Download Einzugserm\u00e4chtigung<\/a><\/li>\r\n<li><a href=\"https:\/\/testhp.bggroteradler.de\/downloads\/bgg_satzung_2020_deu.pdf\">Download Satzung<\/a><\/li>\r\n<li><a href=\"https:\/\/testhp.bggroteradler.de\/downloads\/datenschutz.pdf\">Download Datenschutzerkl\u00e4rung<\/a><\/li>\r\n<\/ul>\r\n<\/li>\r\n<\/ul>\r\n","protected":false},"excerpt":{"rendered":"<p>&nbsp; Um Mitglied in der Brandenburgischen Genealogischen Gesellschaft &#8220;Roter Adler&#8221; e.V. zu werden, laden Sie sich einfach den Mitgliedsantrag herunter oder f\u00fcllen ihn direkt am Computer aus. Den ausgef\u00fcllten Antrag senden Sie dann bitte unterschrieben an Brandenburgische Genealogische Gesellschaft &#8220;Roter Adler&#8221; e.V.c\/o Dr. Gerd-Christian TreutlerRuppiner Str. 61D &#8211; 14612 Falkensee Alternativ k\u00f6nnen sie den Antrag auch an per Fax an 03322 \/ 234387 oder als Email-Anhang an mitgliedschaft(at)bggroteradler.de schicken. &nbsp; Als Mitglied der Brandenburgischen Genealogischen Gesellschaft &#8220;Roter Adler&#8221; e. V. [&#8230;]<\/p>\n","protected":false},"author":1458,"featured_media":0,"parent":5635,"menu_order":6,"comment_status":"closed","ping_status":"closed","template":"","meta":{"_themeisle_gutenberg_block_has_review":false,"footnotes":""},"_links":{"self":[{"href":"https:\/\/testhp.bggroteradler.de\/index.php?rest_route=\/wp\/v2\/pages\/515"}],"collection":[{"href":"https:\/\/testhp.bggroteradler.de\/index.php?rest_route=\/wp\/v2\/pages"}],"about":[{"href":"https:\/\/testhp.bggroteradler.de\/index.php?rest_route=\/wp\/v2\/types\/page"}],"author":[{"embeddable":true,"href":"https:\/\/testhp.bggroteradler.de\/index.php?rest_route=\/wp\/v2\/users\/1458"}],"replies":[{"embeddable":true,"href":"https:\/\/testhp.bggroteradler.de\/index.php?rest_route=%2Fwp%2Fv2%2Fcomments&post=515"}],"version-history":[{"count":50,"href":"https:\/\/testhp.bggroteradler.de\/index.php?rest_route=\/wp\/v2\/pages\/515\/revisions"}],"predecessor-version":[{"id":9074,"href":"https:\/\/testhp.bggroteradler.de\/index.php?rest_route=\/wp\/v2\/pages\/515\/revisions\/9074"}],"up":[{"embeddable":true,"href":"https:\/\/testhp.bggroteradler.de\/index.php?rest_route=\/wp\/v2\/pages\/5635"}],"wp:attachment":[{"href":"https:\/\/testhp.bggroteradler.de\/index.php?rest_route=%2Fwp%2Fv2%2Fmedia&parent=515"}],"curies":[{"name":"wp","href":"https:\/\/api.w.org\/{rel}","templated":true}]}}