{"id":5359,"date":"2019-09-01T16:01:40","date_gmt":"2019-09-01T15:01:40","guid":{"rendered":"https:\/\/testhp.bggroteradler.de\/?page_id=5359"},"modified":"2022-02-10T23:15:14","modified_gmt":"2022-02-10T22:15:14","slug":"bgj-2017","status":"publish","type":"page","link":"https:\/\/testhp.bggroteradler.de\/?page_id=5359","title":{"rendered":"BGJ 2017"},"content":{"rendered":"\n<table id=\"tablepress-13\" class=\"tablepress tablepress-id-13\">\n<tbody class=\"row-hover\">\n<tr class=\"row-1\">\n\t<td rowspan=\"4\" class=\"column-1\"><a href=\"https:\/\/testhp.bggroteradler.de\/wp-content\/uploads\/2017\/12\/BGJ2017-Titelseite.jpg\"><img decoding=\"async\" src=\"https:\/\/testhp.bggroteradler.de\/wp-content\/uploads\/2017\/12\/BGJ2017-Titelseite.jpg\" alt=\"\" width=\"400\" height=\"574\" \/><\/a><\/td><td class=\"column-2\"><strong><em>Aus dem Inhalt:<\/em><\/td>\n<\/tr>\n<tr class=\"row-2\">\n\t<td class=\"column-2\"><strong>Vorwort des Herausgebers<\/strong><\/td>\n<\/tr>\n<tr class=\"row-3\">\n\t<td class=\"column-2\"><strong>Brandenburgische Geschichte<\/strong><br><ul><li>Namensforschung<\/li><li>Emanuel Goldberg oder: Die Suchmaschine von 1930 - Leif Allendorf (Berlin)<\/li><\/ul><\/td>\n<\/tr>\n<tr class=\"row-4\">\n\t<td class=\"column-2\"><strong>Allgemeine Genealogie<\/strong><ul><li>Mein Weg zur Familienforschung. Mehr als 50 Jahre auf den Spuren der Familie Reimer in der Prignitz - Michael C. Reimer (Ahrenshagen), \u2020 2017<\/li><li>St. Anna, Schutzpatronin der Familienforscher? Annenkult und Volksfr\u00f6mmigkeit am Vorabend der Reformation aus genealogischer Sicht - Ulrich Euent (Loxstedt)<\/li><li>Die Ahnen der \u201elinken Landgr\u00e4fin\u201c. Vom Lexikon-Effekt in der Genealogie - J\u00fcrgen Wagner (D\u00fcsseldorf)<\/li><li>Genealogie der Familie Glier - J\u00f6rg Schnadt (Potsdam)<\/li><\/ul><\/td>\n<\/tr>\n<tr class=\"row-5\">\n\t<td rowspan=\"5\" class=\"column-1\"><br><br><strong><em>Bibliographische Angaben:<\/em><\/strong><br><br \/>\nBrandenburgisches Genealogisches Jahrbuch,<br><em>Herausgeber:<\/em> Brandenburgische Genealogische Gesellschaft \u201eRoter Adler\u201c e.V., AG Potsdam VR 6801 P<br>ISSN: 1865-567X, ISBN 978-3-945402-10-8<br>Preis 24,00 \u20ac<br><br><br>Mitglieder erhalten das Jahrbuch kostenlos zugeschickt. Nichtmitglieder k\u00f6nnen es \u00fcber den Verein beziehen.<\/td><td class=\"column-2\"><strong>Brandenburgische Genealogie - Mittelmark<\/strong><br><ul><li>Johann Jacob (von) Diesbach, einer der Erfinder des Berliner Blau, in Berliner Kirchenb\u00fcchern - Alexander Kraft (Eichwalde)<\/li><li>Ein Grundst\u00fcckstausch im 19. Jahrhundert. Wie die Seegefelder Pfarre auf das Falkenhagener Enckegut verlegt wurde \u2013 ein Beitrag zur Rechtsgeschichte - Gerd-Christian Th. Treutler (Falkensee)<\/li><\/ul><\/td>\n<\/tr>\n<tr class=\"row-6\">\n\t<td class=\"column-2\"><strong>Brandenburgische Genealogie - Neumark<\/strong><br><ul><li>Die Hauseigent\u00fcmer in B\u00e4rwalde Nm. von 1795 bis 1822 - Stefan R\u00fcckling (Berlin)<\/li><\/ul><\/td>\n<\/tr>\n<tr class=\"row-7\">\n\t<td class=\"column-2\"><strong>Brandenburgische Genealogie - Prignitz<\/strong><br><ul><li>Ahnenliste Jennerjahn aus Schrepkow, Prignitz - Iris Kiesel (Berlin)<\/li><\/ul><\/td>\n<\/tr>\n<tr class=\"row-8\">\n\t<td class=\"column-2\"><strong>Buchbesprechungen<\/strong><br><ul><li>Wolfgang Radtke: Brandenburg im 19. Jahrhundert (1815\u20131914\/18). Die Provinz im Spannungsfeld von Peripherie und Zentrum (2016) - Karl-Ernst Friederich (Freiburg i. Br.)<\/li><li>Werner Vogel: Der Verbleib der wendischen Bev\u00f6lkerung in der Mark Brandenburg (1960) - R\u00fcdiger Sachtjen (Bochow)<\/li><\/ul><\/td>\n<\/tr>\n<tr class=\"row-9\">\n\t<td class=\"column-2\"><strong>Kundendienst<\/strong><br><ul><li>Namensregister der B\u00e4nde 1 bis 10 - Karl-Ernst Friederich, Bearb. (Freiburg i. Br.)<\/li><li>Ortsregister der B\u00e4nde 1 bis 10 - Karl-Ernst Friederich, Bearb. (Freiburg i. Br.)<\/li><li>Sachregister der B\u00e4nde 1 bis 10 - Karl-Ernst Friederich, Bearb. (Freiburg i. Br.)<\/li><li>Autorenverzeichnis<\/li><\/ul><\/td>\n<\/tr>\n<\/tbody>\n<\/table>\n<!-- #tablepress-13 from cache -->\n","protected":false},"excerpt":{"rendered":"","protected":false},"author":1458,"featured_media":0,"parent":5674,"menu_order":1,"comment_status":"closed","ping_status":"closed","template":"","meta":{"_themeisle_gutenberg_block_has_review":false,"footnotes":""},"_links":{"self":[{"href":"https:\/\/testhp.bggroteradler.de\/index.php?rest_route=\/wp\/v2\/pages\/5359"}],"collection":[{"href":"https:\/\/testhp.bggroteradler.de\/index.php?rest_route=\/wp\/v2\/pages"}],"about":[{"href":"https:\/\/testhp.bggroteradler.de\/index.php?rest_route=\/wp\/v2\/types\/page"}],"author":[{"embeddable":true,"href":"https:\/\/testhp.bggroteradler.de\/index.php?rest_route=\/wp\/v2\/users\/1458"}],"replies":[{"embeddable":true,"href":"https:\/\/testhp.bggroteradler.de\/index.php?rest_route=%2Fwp%2Fv2%2Fcomments&post=5359"}],"version-history":[{"count":1,"href":"https:\/\/testhp.bggroteradler.de\/index.php?rest_route=\/wp\/v2\/pages\/5359\/revisions"}],"predecessor-version":[{"id":5360,"href":"https:\/\/testhp.bggroteradler.de\/index.php?rest_route=\/wp\/v2\/pages\/5359\/revisions\/5360"}],"up":[{"embeddable":true,"href":"https:\/\/testhp.bggroteradler.de\/index.php?rest_route=\/wp\/v2\/pages\/5674"}],"wp:attachment":[{"href":"https:\/\/testhp.bggroteradler.de\/index.php?rest_route=%2Fwp%2Fv2%2Fmedia&parent=5359"}],"curies":[{"name":"wp","href":"https:\/\/api.w.org\/{rel}","templated":true}]}}