{"id":5415,"date":"2019-09-01T18:04:17","date_gmt":"2019-09-01T17:04:17","guid":{"rendered":"https:\/\/testhp.bggroteradler.de\/?page_id=5415"},"modified":"2020-01-26T22:59:51","modified_gmt":"2020-01-26T21:59:51","slug":"br-4-zeitenwanderung","status":"publish","type":"page","link":"https:\/\/testhp.bggroteradler.de\/?page_id=5415","title":{"rendered":"BR 4 &#8211; Zeitenwanderung"},"content":{"rendered":"\n<table id=\"tablepress-18\" class=\"tablepress tablepress-id-18\">\n<tbody class=\"row-hover\">\n<tr class=\"row-1\">\n\t<td colspan=\"2\" class=\"column-1\"><br><strong>Belletristik-Reihe Band 4 - Zeitenwanderung - eine Reise durch f\u00fcnfhundert Jahre Familiengeschichte<\/strong><br><br><\/td>\n<\/tr>\n<tr class=\"row-2\">\n\t<td class=\"column-1\"><a href=\"https:\/\/testhp.bggroteradler.de\/wp-content\/uploads\/2018\/06\/Zeitenwanderung-Titelblatt-1.jpg\"><img decoding=\"async\" src=\"https:\/\/testhp.bggroteradler.de\/wp-content\/uploads\/2018\/06\/Zeitenwanderung-Titelblatt-1.jpg\" alt=\"\" width=\"400\" height=\"574\" \/><\/a><\/td><td rowspan=\"2\" class=\"column-2\">Diese 12 Erz\u00e4hlungen beruhen auf wahren Begebenheiten und fast alle Personen haben tats\u00e4chlich gelebt. Die historischen Hintergr\u00fcnde verwendete der Autor nach dem Prinzip: \u201eAlles Wahrscheinliche ist zu dichten, das Unwahrscheinliche zu belegen.\u201c<br><br><em><strong>Auszug:<\/strong><\/em><br><br>\u201eManche Familien k\u00f6nnen ihre Ahnenreihe sehr weit zur\u00fcck verfolgen, bis auf fr\u00fche F\u00fcrsten vielleicht oder auf einen Gefolgsmann eines l\u00e4ngst vergangenen alten Herrschers, oder zum Beispiel auch auf einen Geistesriesen, der seine Zeit mitpr\u00e4gte. Irgendwann aber verliert sich auch ihre Herkunft im Dunkel.<br><br>Meine Familie geh\u00f6rt nicht zu diesen wenigen Ausnahmen. Kenntnisse selbst \u00fcber die \u00e4ltesten Vorfahren enden in der Zeit, in der die Namen einfacher Menschen vor allem dann schriftlich fixiert wurden, wenn man ihnen als Brandstifter, Hexen oder sonstige Delinquenten an Leib und Leben wollte. Aber nicht einmal das damals schriftlich Fixierte muss heute noch vorhanden sein, denn der Zahn der Zeit nagt an den alten Aufzeichnungen, und au\u00dferdem konnten es die Menschen und besonders ihre Herrscher aus Habgier und Machtgel\u00fcsten, aus Befangenheit in verschrobenen Gedankenkonstruktionen, \u00dcberzeugungen und vermeintlichen eigenen oder staatlichen Interessen nicht lassen, Menschen und L\u00e4nder mit Krieg und Brandschatzung zu \u00fcberziehen.\u201c<\/td>\n<\/tr>\n<tr class=\"row-3\">\n\t<td class=\"column-1\"><br><br>Belletristikreihe Band 4 - Zeitenwanderung - eine Reise durch f\u00fcnfhundert Jahre Familiengeschichte<br>264 Seiten, Hardcover A5, fadengebunden, zahlreiche farbige Abbildungen, Anhang mit Hintergrunden<br><br><em>Autor:<\/em> Andreas H. B\u00fcchtemann<br><br><em>Herausgeber:<\/em><br> Brandenburgische Genealogische Gesellschaft \u201eRoter Adler\u201c e.V., AG Potsdam VR 6801 P<br><br><em>ISBN:<\/em> 978-3-945402-12-2<br><em>Preis:<\/em> 19,00 \u20ac zzgl. Versandkosten<br><br>Bestellungen \u00fcber den <a href=\"https:\/\/testhp.bggroteradler.de\/?page_id=1294\">Verein<\/a> oder den Buchhandel.<\/td>\n<\/tr>\n<\/tbody>\n<\/table>\n<!-- #tablepress-18 from cache -->\n","protected":false},"excerpt":{"rendered":"","protected":false},"author":1458,"featured_media":0,"parent":4044,"menu_order":1,"comment_status":"closed","ping_status":"closed","template":"","meta":{"_themeisle_gutenberg_block_has_review":false,"footnotes":""},"_links":{"self":[{"href":"https:\/\/testhp.bggroteradler.de\/index.php?rest_route=\/wp\/v2\/pages\/5415"}],"collection":[{"href":"https:\/\/testhp.bggroteradler.de\/index.php?rest_route=\/wp\/v2\/pages"}],"about":[{"href":"https:\/\/testhp.bggroteradler.de\/index.php?rest_route=\/wp\/v2\/types\/page"}],"author":[{"embeddable":true,"href":"https:\/\/testhp.bggroteradler.de\/index.php?rest_route=\/wp\/v2\/users\/1458"}],"replies":[{"embeddable":true,"href":"https:\/\/testhp.bggroteradler.de\/index.php?rest_route=%2Fwp%2Fv2%2Fcomments&post=5415"}],"version-history":[{"count":1,"href":"https:\/\/testhp.bggroteradler.de\/index.php?rest_route=\/wp\/v2\/pages\/5415\/revisions"}],"predecessor-version":[{"id":5416,"href":"https:\/\/testhp.bggroteradler.de\/index.php?rest_route=\/wp\/v2\/pages\/5415\/revisions\/5416"}],"up":[{"embeddable":true,"href":"https:\/\/testhp.bggroteradler.de\/index.php?rest_route=\/wp\/v2\/pages\/4044"}],"wp:attachment":[{"href":"https:\/\/testhp.bggroteradler.de\/index.php?rest_route=%2Fwp%2Fv2%2Fmedia&parent=5415"}],"curies":[{"name":"wp","href":"https:\/\/api.w.org\/{rel}","templated":true}]}}