{"id":7577,"date":"2022-04-08T20:15:00","date_gmt":"2022-04-08T19:15:00","guid":{"rendered":"https:\/\/testhp.bggroteradler.de\/?page_id=7577"},"modified":"2022-04-16T15:35:05","modified_gmt":"2022-04-16T14:35:05","slug":"forschungsgebiet-juedische-bevoelkerung-in-brandenburg-ab-1671","status":"publish","type":"page","link":"https:\/\/testhp.bggroteradler.de\/?page_id=7577","title":{"rendered":"Forschungsgebiet &#8220;J\u00fcdische Bev\u00f6lkerung in Brandenburg ab 1671&#8221;"},"content":{"rendered":"<p><em>Koordinator:<\/em> <a href=\"kcboas@gmail.com\">Klaus Boas<\/a><\/p>\n\n\n<div class=\"wp-block-image\"><figure class=\"alignleft size-full is-resized\"><img decoding=\"async\" src=\"https:\/\/testhp.bggroteradler.de\/wp-content\/uploads\/2022\/04\/juedische-symbole.jpg\" alt=\"\" class=\"wp-image-8250\" width=\"480\" height=\"320\" srcset=\"https:\/\/testhp.bggroteradler.de\/wp-content\/uploads\/2022\/04\/juedische-symbole.jpg 640w, https:\/\/testhp.bggroteradler.de\/wp-content\/uploads\/2022\/04\/juedische-symbole-300x200.jpg 300w, https:\/\/testhp.bggroteradler.de\/wp-content\/uploads\/2022\/04\/juedische-symbole-600x399.jpg 600w\" sizes=\"(max-width: 480px) 100vw, 480px\" \/><\/figure><\/div>\n\n\n<p><br class=\"clear\"><br class=\"clear\"><\/p>\n<h3>Zur Entstehung der Forschungsgruppe<\/h3>\n<p><br class=\"clear\">Angeregt durch eine Anfrage aus den USA entstand die Idee, auf der Website der BGG \u201eRoter Adler\u201c e.V. Informationen bereitzustellen, die genealogisch Interessierten aus dem In- und Ausland Hilfestellung dabei bieten,<\/p>\n<ul>\n<li><em>ihre j\u00fcdischen Vorfahren in Brandenburg selber zu erforschen<\/em><\/li>\n<li><em>den j\u00fcdischen Alltag in Brandenburg im Zeitraum von 1671 bis 1945 besser zu verstehen.<\/em><\/li>\n<\/ul>\n<p>Alle Informationen sollen in Deutsch und Englisch ver\u00f6ffentlicht werden, da davon auszugehen ist, dass viele Familienforscher im Ausland leben und entweder kein Deutsch sprechen oder es aber nicht ausreichend beherrschen, um Quellen selbstst\u00e4ndig auszuwerten.<br class=\"clear\"><br class=\"clear\"><\/p>\n<h3><strong>Warum das Jahr 1671 als Ausgangspunkt?<\/strong><\/h3>\n<p><br class=\"clear\">Am 21. Mai 1671 erlie\u00df der \u201eGro\u00dfe Kurf\u00fcrst\u201c Friedrich Wilhelm ein Edikt, mit dem er Juden erlaubte, sich nach langer Abwesenheit wieder in Brandenburg anzusiedeln <strong><a href=\"#1\"><sup>1<\/sup><\/a><\/strong>.<\/p>\n<p>Schaut man 350 Jahre in die Zukunft, erreicht man das Jubil\u00e4umsjahr 2021, in dem eine Vielzahl von Veranstaltungen unter dem Motto \u201e350 Jahre Juden in Brandenburg\u201c stattfanden <strong><a href=\"#2\"><sup>2<\/sup><\/a><\/strong>.<\/p>\n<p>J\u00fcdisches Leben in der Mark Brandenburg gab es allerdings schon mindestens 400 Jahre fr\u00fcher <strong><a href=\"#3\"><sup>3<\/sup><\/a><\/strong><br class=\"clear\"><br class=\"clear\"><\/p>\n<h3><strong>Welchen Anteil hatten Juden an der Bev\u00f6lkerung Brandenburgs?<\/strong><\/h3>\n<p><br class=\"clear\">Bei der Volksz\u00e4hlung am 1.Dezember 1871 wurden in den Regierungsbezirken Potsdam (ohne Stadt Berlin) und Frankfurt\/Oder zusammen 11.469 Juden und in der Stadt Berlin, die in der amtlichen Statistik zum Regierungsbezirk Potsdam gerechnet wurde, 36.021 Juden erfasst <strong><a href=\"#4\"><sup>4<\/sup><\/a><\/strong>.<\/p>\n<p>Sieben Kreise innerhalb der Provinz hatten 1871 mehr als 500 j\u00fcdische Einwohner; davon geh\u00f6rten sechs dem Regierungsbezirk Frankfurt an der Oder an <strong><a href=\"#5\"><sup>5<\/sup><\/a><\/strong>.<\/p>\n<p>Bei Macht\u00fcbernahme der Nationalsozialisten (1933) lebten noch 7616 Juden in Brandenburg <strong><a href=\"#6\"><sup>6<\/sup><\/a><\/strong><\/p>\n<p>Ihre Zahl ging in den ersten 6 Jahren der Nazi-Herrschaft um mehr als die H\u00e4lfte zur\u00fcck <strong><a href=\"#7\"><sup>7<\/sup><\/a><\/strong> und d\u00fcrfte zum Ende des 2.Weltkriegs nur noch wenige Hundert betragen haben <strong><a href=\"#8\"><sup>8<\/sup><\/a><\/strong>.<br class=\"clear\"><br class=\"clear\"><\/p>\n<h3>Mitarbeit ist herzlich willkommen<\/h3>\n<p><br class=\"clear\">Wer Interesse an diesem Forschungsgebiet hat, ist herzlich eingeladen, sich der am 9. Februar 2022 gegr\u00fcndeten Forschungsgruppe anzuschlie\u00dfen. Daf\u00fcr reicht es aus, eine Interessenbekundung an den Vorstand (<a href=\"mailto:vs@bggroteradler.de\"><em>vs(at)bggroteradler.de<\/em><\/a>) zu senden.<br class=\"clear\"><\/p>\n<h3><br class=\"clear\">Weiterf\u00fchrende Informationen<br class=\"clear\"><br class=\"clear\"><\/h3>\n<ul>\n<li><a href=\"https:\/\/testhp.bggroteradler.de\/?page_id=8140\">350 Jahre Juden in Brandenburg (1671 &#8211; 2021)<\/a><\/li>\n<li><a href=\"https:\/\/testhp.bggroteradler.de\/?page_id=8158\">Onlinequellen f\u00fcr Familienforscher<\/a><\/li>\n<\/ul>\n<h4><br class=\"clear\"><em>Fu\u00dfnoten<\/em><\/h4>\n<p><br class=\"clear\"><sup id=\"1\"><strong>1<\/strong><\/sup> Vgl. DIEKMANN, Irene A.: Juden in Brandenburg (1671 bis 1871), in: Historisches Lexikon Brandenburgs, online: https:\/\/brandenburgikon.net\/index.php\/de\/sachlexikon\/juden-in-brandenburg-1671-bis-1871,&nbsp; (zuletzt aufgerufen am 14.2.2022)<\/p>\n<p><sup id=\"2\"><strong>2<\/strong><\/sup> Vgl. 350 Jahre Juden in Brandenburg, Willkommen, online: <a href=\"https:\/\/juden-in-brandenburg.de\/\"><em>https:\/\/juden-in-brandenburg.de\/<\/em><\/a> , (zuletzt aufgerufen am 7.2.2022).<\/p>\n<p><sup id=\"3\"><strong>3<\/strong><\/sup> Vgl. ebenda, Chronologie, online: <a href=\"https:\/\/juden-in-brandenburg.de\/chronologie\/\"><em>https:\/\/juden-in-brandenburg.de\/chronologie\/<\/em><\/a> , (zuletzt aufgerufen am 7.2.2022).<\/p>\n<p><sup id=\"4\"><strong>4<\/strong><\/sup> Eigene Berechnungen auf der Grundlage von: K\u00f6nigliches Statistisches Bureau, Die Gemeinden und Gutsbezirke des Preu\u00dfischen Staates und ihre Bev\u00f6lkerung, II. Provinz Brandenburg, Berlin 1873, S. 245<\/p>\n<p><sup id=\"5\"><strong>5<\/strong><\/sup> Eigene Berechnungen, ebenda, S. 2\u2013245.<\/p>\n<p><sup id=\"6\"><strong>6<\/strong><\/sup> Vgl. Statistisches Reichsamt, Statistisches Jahrbuch f\u00fcr das Deutsche Reich, 56. Jahrgang (1937), Berlin 1937, S.18<\/p>\n<p><sup id=\"7\"><strong>7<\/strong><\/sup> Es wurden bei dieser Berechnung nur sogenannte Glaubensjuden ber\u00fccksichtigt. Vgl. Statistisches Reichsamt, Statistisches Jahrbuch f\u00fcr das Deutsche Reich 1941\/42, 59. Jahrgang, Berlin 1942, S. 27.<\/p>\n<p><sup id=\"8\"><strong>8<\/strong><\/sup> Gem\u00e4\u00df der ersten Volksz\u00e4hlung in der Sowjetischen Besatzungszone lebten 1946 noch 424 Juden im Land Brandenburg. Vgl. 350 Jahre Juden in Brandenburg, Chronologie, online: <a href=\"https:\/\/juden-in-brandenburg.de\/chronologie\/\"><em>https:\/\/juden-in-brandenburg.de\/chronologie\/<\/em><\/a> , (zuletzt aufgerufen am 7.2.2022).<\/p>\n<h4><br class=\"clear\"><strong>Text<\/strong><\/h4>\n<p>Klaus Boas (<a href=\"https:\/\/testhp.bggroteradler.de\/?page_id=7577\">Forschungsgruppe &#8220;Juden in Brandenburg&#8221;<\/a>)<\/p>","protected":false},"excerpt":{"rendered":"<p>Koordinator: Klaus Boas Zur Entstehung der Forschungsgruppe Angeregt durch eine Anfrage aus den USA entstand die Idee, auf der Website der BGG \u201eRoter Adler\u201c e.V. Informationen bereitzustellen, die genealogisch Interessierten aus dem In- und Ausland Hilfestellung dabei bieten, ihre j\u00fcdischen Vorfahren in Brandenburg selber zu erforschen den j\u00fcdischen Alltag in Brandenburg im Zeitraum von 1671 bis 1945 besser zu verstehen. Alle Informationen sollen in Deutsch und Englisch ver\u00f6ffentlicht werden, da davon auszugehen ist, dass viele Familienforscher im Ausland leben und [&#8230;]<\/p>\n","protected":false},"author":1452,"featured_media":0,"parent":0,"menu_order":1,"comment_status":"closed","ping_status":"closed","template":"","meta":{"_themeisle_gutenberg_block_has_review":false,"footnotes":""},"_links":{"self":[{"href":"https:\/\/testhp.bggroteradler.de\/index.php?rest_route=\/wp\/v2\/pages\/7577"}],"collection":[{"href":"https:\/\/testhp.bggroteradler.de\/index.php?rest_route=\/wp\/v2\/pages"}],"about":[{"href":"https:\/\/testhp.bggroteradler.de\/index.php?rest_route=\/wp\/v2\/types\/page"}],"author":[{"embeddable":true,"href":"https:\/\/testhp.bggroteradler.de\/index.php?rest_route=\/wp\/v2\/users\/1452"}],"replies":[{"embeddable":true,"href":"https:\/\/testhp.bggroteradler.de\/index.php?rest_route=%2Fwp%2Fv2%2Fcomments&post=7577"}],"version-history":[{"count":71,"href":"https:\/\/testhp.bggroteradler.de\/index.php?rest_route=\/wp\/v2\/pages\/7577\/revisions"}],"predecessor-version":[{"id":8311,"href":"https:\/\/testhp.bggroteradler.de\/index.php?rest_route=\/wp\/v2\/pages\/7577\/revisions\/8311"}],"wp:attachment":[{"href":"https:\/\/testhp.bggroteradler.de\/index.php?rest_route=%2Fwp%2Fv2%2Fmedia&parent=7577"}],"curies":[{"name":"wp","href":"https:\/\/api.w.org\/{rel}","templated":true}]}}