{"id":8079,"date":"2022-03-14T13:08:46","date_gmt":"2022-03-14T12:08:46","guid":{"rendered":"https:\/\/testhp.bggroteradler.de\/?page_id=8079"},"modified":"2022-10-07T19:04:39","modified_gmt":"2022-10-07T18:04:39","slug":"gqb-8-ortsfamilienbuch-trechwitz-1726-1930","status":"publish","type":"page","link":"https:\/\/testhp.bggroteradler.de\/?page_id=8079","title":{"rendered":"GQB-8 Ortsfamilienbuch Trechwitz 1726-1930"},"content":{"rendered":"\n<table id=\"tablepress-53\" class=\"tablepress tablepress-id-53\">\n<tbody class=\"row-hover\">\n<tr class=\"row-1\">\n\t<td class=\"column-1\"><a href=\"https:\/\/testhp.bggroteradler.de\/wp-content\/uploads\/2022\/03\/GQB-8-Cover.jpg\"><img decoding=\"async\" src=\"https:\/\/testhp.bggroteradler.de\/wp-content\/uploads\/2022\/03\/GQB-8-Cover.jpg\" alt=\"\" width=\"400\" height=\"574\" \/><\/a><\/td><td class=\"column-2\">Das vorliegende Ortsfamilienbuch der Gemeinde Trechwitz, Zauche, ist das Dritte seiner Art in der Reihe \u201eGenealogische Quellen Brandenburgs\u201c (GQB) im BGG-Verlag.<br>Ortsfamilienb\u00fccher (OFB) stellen f\u00fcr die genealogische Forschung seit langem eine der am besten aufgearbeiteten Quellen dar und erleichtern die Arbeit nicht nur f\u00fcr Forschungen in dem betreffenden Ort, sondern f\u00fcr die gesamte Region. Gerade der hier bearbeitete Zeitabschnitt bis in das erste Drittel des 20. Jahrhunderts spiegelt mit der Industrialisierung und den Folgen des Ersten Weltkrieges moderne Mobilisierungsereignisse, die auch in der Bev\u00f6lkerung des m\u00e4rkischen Dorfes Trechwitz ihren Niederschlag fanden.<br>Ein kurzer Abriss der Ortsgeschichte ist bei der Arbeit ebenso hilfreich, wie die Register nach Familiennamen, Orten und Berufen am Ende des Buches.<br>Es umfasst insgesamt 1.767 Personen und ihre Familien mit 1.161 verschiedenen Familiennamen aus 122 Orten.<br><br><br \/>\n<b>Die meistgenannten Orte:<\/b><br>Bliesendorf, Bochow, Brandenburg a.d.H., Busendorf, Cammer b. Br\u00fcck, Damelang, Damsdorf, Deetz, Derwitz, Ferch, Glindow, G\u00f6hlsdorf, Gollwitz, Golzow, G\u00f6tz, Grebs, Gro\u00df-Kreutz, Jeserig b. Bbg., Kammerode, Kanin, Kemnitz, Krielow, Lehnin, Michelsdorf, Nahmitz, Netzen, Petzow, Ph\u00f6ben, Plessow, Pl\u00f6tzin, Potsdam, Pr\u00fctzke, R\u00e4del, Rietz b. Bbg., Schenkenberg, Schmergow, Schmerzke, Schwina\/Emstal, Trechwitz, Werder (Havel), Wust b. Bbg.<br><b>(alle Potsdam-Mittelmark)<\/b><br><br \/>\n<b>Autor R\u00fcdiger Sachtjen<\/b>, Jg. 1956, engagiert sich seit vielen Jahren in der Familiengeschichtsforschung. Sein Hauptaugenmerk gilt den Regionen Altmark und Zauche, insbesondere dem historischen Amt Lehnin.<br><br \/>\nEr ist Mitglied der Brandenburgischen Genealogischen Gesellschaft \u201eRoter Adler\u201c e. V. und Autor im BGG-Verlag.<br><\/td>\n<\/tr>\n<tr class=\"row-2\">\n\t<td class=\"column-1\"><a href=\"https:\/\/testhp.bggroteradler.de\/wp-content\/uploads\/2022\/03\/GQB-8-Ruecktitel.jpg\"><img decoding=\"async\" src=\"https:\/\/testhp.bggroteradler.de\/wp-content\/uploads\/2022\/03\/GQB-8-Ruecktitel.jpg\" alt=\"\" width=\"400\" height=\"574\" \/><\/a><\/td><td class=\"column-2\"><strong><em>Bibliographische Angaben:<\/em><\/strong><br><br>Ortsfamilienbuch der Gemeinde Trechwitz<br>Zauche (1726 \u2013 1930)<br><em>zugleich<\/em> Band VIII der Genealogischen Quellen Brandenburgs (GQB)<br><br>600 Seiten, Hardcover A5, fadengebunden, Namen-, Orts- und Berufsregister<br><br><em>Autor:<\/em><br>R\u00fcdiger Sachtjen (Bearbeiter)<br><br><em>Herausgeber:<\/em><br> Gerd-Christian Th. Treutler im Auftrag der Brandenburgischen Genealogischen Gesellschaft \u201eRoter Adler\u201c e.V., AG Potsdam VR 6801 P<br><br><em>ISBN:<\/em><br>978-3-945402-21-4<br><br><em>Preis:<\/em><br>34,00 \u20ac f\u00fcr Nicht-Mitglieder<br>17,00 \u20ac f\u00fcr Mitglieder der BGG Roter Adler<br>zzgl. Versandkosten<br><br>Bestellungen \u00fcber den <a href=\"https:\/\/testhp.bggroteradler.de\/?page_id=1294\">Verein<\/a> oder den Buchhandel.<br><br><br \/>\n<strong><b>Inhalt<\/b><\/strong><br><br \/>\n<li>Vorwort<\/li><li>Das Dorf<\/li><li>Quellen<\/li><li>Die Familien<\/li><li>Namenindex<\/li><li>Ortsindex<\/li><li>Berufsindex<\/li><\/td>\n<\/tr>\n<\/tbody>\n<\/table>\n<!-- #tablepress-53 from cache -->\n\n\n\n<div class=\"wp-block-pdfjsblock-pdfjs-embed pdfjs-wrapper\"><\/div>\n\n\n\n<div class=\"wp-block-pdfjsblock-pdfjs-embed pdfjs-wrapper\"><\/div>\n\n\n\n<div class=\"wp-block-pdfjsblock-pdfjs-embed pdfjs-wrapper\"><\/div>\n","protected":false},"excerpt":{"rendered":"","protected":false},"author":4,"featured_media":0,"parent":1278,"menu_order":3,"comment_status":"closed","ping_status":"closed","template":"","meta":{"_themeisle_gutenberg_block_has_review":false,"footnotes":""},"_links":{"self":[{"href":"https:\/\/testhp.bggroteradler.de\/index.php?rest_route=\/wp\/v2\/pages\/8079"}],"collection":[{"href":"https:\/\/testhp.bggroteradler.de\/index.php?rest_route=\/wp\/v2\/pages"}],"about":[{"href":"https:\/\/testhp.bggroteradler.de\/index.php?rest_route=\/wp\/v2\/types\/page"}],"author":[{"embeddable":true,"href":"https:\/\/testhp.bggroteradler.de\/index.php?rest_route=\/wp\/v2\/users\/4"}],"replies":[{"embeddable":true,"href":"https:\/\/testhp.bggroteradler.de\/index.php?rest_route=%2Fwp%2Fv2%2Fcomments&post=8079"}],"version-history":[{"count":3,"href":"https:\/\/testhp.bggroteradler.de\/index.php?rest_route=\/wp\/v2\/pages\/8079\/revisions"}],"predecessor-version":[{"id":8086,"href":"https:\/\/testhp.bggroteradler.de\/index.php?rest_route=\/wp\/v2\/pages\/8079\/revisions\/8086"}],"up":[{"embeddable":true,"href":"https:\/\/testhp.bggroteradler.de\/index.php?rest_route=\/wp\/v2\/pages\/1278"}],"wp:attachment":[{"href":"https:\/\/testhp.bggroteradler.de\/index.php?rest_route=%2Fwp%2Fv2%2Fmedia&parent=8079"}],"curies":[{"name":"wp","href":"https:\/\/api.w.org\/{rel}","templated":true}]}}