{"id":7523,"date":"2021-12-28T11:16:29","date_gmt":"2021-12-28T10:16:29","guid":{"rendered":"https:\/\/testhp.bggroteradler.de\/?post_type=product&#038;p=7523"},"modified":"2023-06-06T13:31:59","modified_gmt":"2023-06-06T11:31:59","slug":"michael-stifel-reformation-mathematik-apokalypse","status":"publish","type":"product","link":"https:\/\/testhp.bggroteradler.de\/bgg-verlag\/shop\/michael-stifel-reformation-mathematik-apokalypse\/","title":{"rendered":"Michael Stifel. Reformation + Mathematik = Apokalypse (LR-6)"},"content":{"rendered":"","protected":false},"excerpt":{"rendered":"<p><span class=\"readonlyText multiple\">Am 13. September 2014 fand in der brandenburgischen, bis 1815 s\u00e4chsischen Kleinstadt Br\u00fcck eine Tagung zu Ehren des Mathematikers, Reformators und Apokalyptikers Michael Stifel (1487\u20131567) statt.<br \/>\nStifel war nicht nur ein enger Freund Martin Luthers und einer der wichtigsten Mathematiker des 16. Jahrhunderts gewesen, sondern hatte als Pfarrer von Lochau, das heute Annaburg hei\u00dft, f\u00fcr den 19. Oktober 1532, 8 Uhr morgens den Weltuntergang vorausgesagt und damit einige Ber\u00fchmtheit erlangt. Dass er dar\u00fcber hinaus von 1554 bis 1558 in Br\u00fcck als Pfarrer gewirkt hatte, war f\u00fcr Stadt und Kirchengemeinde ein guter Anlass, jene Tagung in der Br\u00fccker St. Lambertuskirche auszurichten.<br \/>\nWissenschaftler aus verschiedenen Disziplinen sprachen \u00fcber das Leben und Wirken Michael Stifels, seine Zeit und die Faszination, die Weltuntergangsvorstellungen seit der Antike bis heute innewohnt. Die zum Teil erweiterten Beitr\u00e4ge finden sich im vorliegenden Tagungsband abgedruckt.<\/span><\/p>\n","protected":false},"featured_media":7524,"comment_status":"closed","ping_status":"closed","template":"","meta":[],"product_brand":[],"product_cat":[482],"product_tag":[],"class_list":{"0":"post-7523","1":"product","2":"type-product","3":"status-publish","4":"has-post-thumbnail","6":"product_cat-genealogisch-historische-studien-brandenburgs-ghsb-vormals-die-lose-reihe-lr","7":"product_shipping_class-275-e","9":"first","10":"instock","11":"shipping-taxable","12":"purchasable","13":"product-type-simple"},"_links":{"self":[{"href":"https:\/\/testhp.bggroteradler.de\/wp-json\/wp\/v2\/product\/7523","targetHints":{"allow":["GET"]}}],"collection":[{"href":"https:\/\/testhp.bggroteradler.de\/wp-json\/wp\/v2\/product"}],"about":[{"href":"https:\/\/testhp.bggroteradler.de\/wp-json\/wp\/v2\/types\/product"}],"replies":[{"embeddable":true,"href":"https:\/\/testhp.bggroteradler.de\/wp-json\/wp\/v2\/comments?post=7523"}],"wp:featuredmedia":[{"embeddable":true,"href":"https:\/\/testhp.bggroteradler.de\/wp-json\/wp\/v2\/media\/7524"}],"wp:attachment":[{"href":"https:\/\/testhp.bggroteradler.de\/wp-json\/wp\/v2\/media?parent=7523"}],"wp:term":[{"taxonomy":"product_brand","embeddable":true,"href":"https:\/\/testhp.bggroteradler.de\/wp-json\/wp\/v2\/product_brand?post=7523"},{"taxonomy":"product_cat","embeddable":true,"href":"https:\/\/testhp.bggroteradler.de\/wp-json\/wp\/v2\/product_cat?post=7523"},{"taxonomy":"product_tag","embeddable":true,"href":"https:\/\/testhp.bggroteradler.de\/wp-json\/wp\/v2\/product_tag?post=7523"}],"curies":[{"name":"wp","href":"https:\/\/api.w.org\/{rel}","templated":true}]}}

<p><span class="readonlyText multiple">Am 13. September 2014 fand in der brandenburgischen, bis 1815 sächsischen Kleinstadt Brück eine Tagung zu Ehren des Mathematikers, Reformators und Apokalyptikers Michael Stifel (1487–1567) statt.<br />
Stifel war nicht nur ein enger Freund Martin Luthers und einer der wichtigsten Mathematiker des 16. Jahrhunderts gewesen, sondern hatte als Pfarrer von Lochau, das heute Annaburg heißt, für den 19. Oktober 1532, 8 Uhr morgens den Weltuntergang vorausgesagt und damit einige Berühmtheit erlangt. Dass er darüber hinaus von 1554 bis 1558 in Brück als Pfarrer gewirkt hatte, war für Stadt und Kirchengemeinde ein guter Anlass, jene Tagung in der Brücker St. Lambertuskirche auszurichten.<br />
Wissenschaftler aus verschiedenen Disziplinen sprachen über das Leben und Wirken Michael Stifels, seine Zeit und die Faszination, die Weltuntergangsvorstellungen seit der Antike bis heute innewohnt. Die zum Teil erweiterten Beiträge finden sich im vorliegenden Tagungsband abgedruckt.</span></p>
