{"id":7534,"date":"2021-12-28T11:31:00","date_gmt":"2021-12-28T10:31:00","guid":{"rendered":"https:\/\/testhp.bggroteradler.de\/?post_type=product&#038;p=7534"},"modified":"2022-11-23T19:35:05","modified_gmt":"2022-11-23T18:35:05","slug":"wappen-auf-abwasserkanaldeckeln-in-deutschland-und-europa","status":"publish","type":"product","link":"https:\/\/testhp.bggroteradler.de\/?product=wappen-auf-abwasserkanaldeckeln-in-deutschland-und-europa","title":{"rendered":"Wappen auf Abwasserkanaldeckeln in Deutschland und Europa (LR-7)"},"content":{"rendered":"","protected":false},"excerpt":{"rendered":"<p><span class=\"readonlyText multiple\">Wer durch eine Stadt geht, richtet seinen Blick meistens auf Schaufenster. Hat er H\u00f6heres im Sinn, so auf Geb\u00e4ude, ihre Architektur und auch ihren Schmuck. Wappen sind schm\u00fcckende Elemente an Rath\u00e4usern, Patrizierh\u00e4usern oder auch an Brunnen. Seltener sieht der Besucher nach unten auf das Stra\u00dfenpflaster. Und hier kann er gelegentlich entdecken, dass auch diese der Stadttechnik die-nenden Anlagen nicht nur auf die Herstellerfirma hinweisen, sondern auch mit Stadtsymbolen oder gar dem Wappen der Stadt verziert sein k\u00f6nnen. Auch kleinere St\u00e4dte leisten sich gelegentlich diesen Schmuck. Es ist aber evident, dass in Gebietsk\u00f6rperschaften, die in den vergangenen Jahrzehnten sehr h\u00e4ufig Ver\u00e4nderungen unterworfen waren, so vergegenst\u00e4ndlichter Wappenschmuck kaum zu finden ist.<br \/>\nIn diesem Beitrag werden Kanaldeckel dargestellt und beschrieben, die die Wappen von deutschen und europ\u00e4ischen St\u00e4dten zeigen, da \u00fcberall in Europa die gleiche Wappenkultur vorhanden ist. Dazu kommen Beschreibungen und Erl\u00e4uterungen. Sie haben die Geschichte der betreffenden St\u00e4dte zum Inhalt, soweit sie mit der Entstehung und Verleihung ihrer Wappen und Siegel verkn\u00fcpft ist.<\/span><\/p>\n","protected":false},"featured_media":7535,"comment_status":"closed","ping_status":"closed","template":"","meta":{"_themeisle_gutenberg_block_has_review":false},"product_cat":[482],"product_tag":[],"_links":{"self":[{"href":"https:\/\/testhp.bggroteradler.de\/index.php?rest_route=\/wp\/v2\/product\/7534"}],"collection":[{"href":"https:\/\/testhp.bggroteradler.de\/index.php?rest_route=\/wp\/v2\/product"}],"about":[{"href":"https:\/\/testhp.bggroteradler.de\/index.php?rest_route=\/wp\/v2\/types\/product"}],"replies":[{"embeddable":true,"href":"https:\/\/testhp.bggroteradler.de\/index.php?rest_route=%2Fwp%2Fv2%2Fcomments&post=7534"}],"wp:featuredmedia":[{"embeddable":true,"href":"https:\/\/testhp.bggroteradler.de\/index.php?rest_route=\/wp\/v2\/media\/7535"}],"wp:attachment":[{"href":"https:\/\/testhp.bggroteradler.de\/index.php?rest_route=%2Fwp%2Fv2%2Fmedia&parent=7534"}],"wp:term":[{"taxonomy":"product_cat","embeddable":true,"href":"https:\/\/testhp.bggroteradler.de\/index.php?rest_route=%2Fwp%2Fv2%2Fproduct_cat&post=7534"},{"taxonomy":"product_tag","embeddable":true,"href":"https:\/\/testhp.bggroteradler.de\/index.php?rest_route=%2Fwp%2Fv2%2Fproduct_tag&post=7534"}],"curies":[{"name":"wp","href":"https:\/\/api.w.org\/{rel}","templated":true}]}}