{"id":8722,"date":"2022-10-03T12:15:10","date_gmt":"2022-10-03T11:15:10","guid":{"rendered":"https:\/\/testhp.bggroteradler.de\/?post_type=product&#038;p=8722"},"modified":"2022-10-03T12:27:39","modified_gmt":"2022-10-03T11:27:39","slug":"chronik-stadtgeschichte-der-domstadt-fuerstenwalde-spree","status":"publish","type":"product","link":"https:\/\/testhp.bggroteradler.de\/?product=chronik-stadtgeschichte-der-domstadt-fuerstenwalde-spree","title":{"rendered":"Chronik Stadtgeschichte der Domstadt F\u00fcrstenwalde\/Spree"},"content":{"rendered":"<p>Der Verein f\u00fcr Heimatgeschichte und Heimatkunde F\u00fcrstenwalde erstellt eine Chronik zur Stadtgeschichte F\u00fcrstenwalde. Vorbestellungen k\u00f6nnen \u00fcber beigef\u00fcgten Flyer vorgenommen werden. Auch Spenden werden gern zur Erstellung genommen.<\/p>\n","protected":false},"excerpt":{"rendered":"<p><a href=\"https:\/\/testhp.bggroteradler.de\/wp-content\/uploads\/2022\/10\/Spendenflyer.pdf\">Chronik Bild<\/a><\/p>\n","protected":false},"featured_media":8725,"comment_status":"closed","ping_status":"closed","template":"","meta":{"_themeisle_gutenberg_block_has_review":false},"product_cat":[482],"product_tag":[],"_links":{"self":[{"href":"https:\/\/testhp.bggroteradler.de\/index.php?rest_route=\/wp\/v2\/product\/8722"}],"collection":[{"href":"https:\/\/testhp.bggroteradler.de\/index.php?rest_route=\/wp\/v2\/product"}],"about":[{"href":"https:\/\/testhp.bggroteradler.de\/index.php?rest_route=\/wp\/v2\/types\/product"}],"replies":[{"embeddable":true,"href":"https:\/\/testhp.bggroteradler.de\/index.php?rest_route=%2Fwp%2Fv2%2Fcomments&post=8722"}],"wp:featuredmedia":[{"embeddable":true,"href":"https:\/\/testhp.bggroteradler.de\/index.php?rest_route=\/wp\/v2\/media\/8725"}],"wp:attachment":[{"href":"https:\/\/testhp.bggroteradler.de\/index.php?rest_route=%2Fwp%2Fv2%2Fmedia&parent=8722"}],"wp:term":[{"taxonomy":"product_cat","embeddable":true,"href":"https:\/\/testhp.bggroteradler.de\/index.php?rest_route=%2Fwp%2Fv2%2Fproduct_cat&post=8722"},{"taxonomy":"product_tag","embeddable":true,"href":"https:\/\/testhp.bggroteradler.de\/index.php?rest_route=%2Fwp%2Fv2%2Fproduct_tag&post=8722"}],"curies":[{"name":"wp","href":"https:\/\/api.w.org\/{rel}","templated":true}]}}